vided by 20.
16
What is the remainder when 111 is divided by 47?
17
What is the remainder when 146 is divided by 39?
29
What is the remainder when 146 is divided by 21?
20
What is the remainder when 290 is divided by 24?
2
What is the remainder when 24 is divided by 3?
0
Calculate the remainder when 647 is divided by 24.
23
What is the remainder when 1629 is divided by 54?
9
What is the remainder when 4177 is divided by 22?
19
What is the remainder when 451 is divided by 52?
35
Calculate the remainder when 5385 is divided by 98.
93
What is the remainder when 540 is divided by 136?
132
Calculate the remainder when 6534 is divided by 933.
3
Calculate the remainder when 10813 is divided by 22.
11
Calculate the remainder when 417 is divided by 28.
25
Calculate the remainder when 619 is divided by 28.
3
What is the remainder when 81 is divided by 6?
3
What is the remainder when 6 is divided by 6?
0
What is the remainder when 48 is divided by 15?
3
Calculate the remainder when 676 is divided by 136.
132
Calculate the remainder when 99 is divided by 53.
46
Calculate the remainder when 205 is divided by 23.
21
Calculate the remainder when 7738 is divided by 43.
41
Calculate the remainder when 92 is divided by 55.
37
What is the remainder when 138 is divided by 10?
8
Calculate the remainder when 447 is divided by 25.
22
What is the remainder when 150 is divided by 97?
53
Calculate the remainder when 260 is divided by 9.
8
Calculate the remainder when 712 is divided by 13.
10
Calculate the remainder when 565 is divided by 63.
61
What is the remainder when 196 is divided by 22?
20
Calculate the remainder when 143 is divided by 26.
13
What is the remainder when 5999 is divided by 100?
99
Calculate the remainder when 2692 is divided by 77.
74
What is the remainder when 391 is divided by 29?
14
What is the remainder when 10534 is divided by 24?
22
What is the remainder when 135 is divided by 78?
57
What is the remainder when 895 is divided by 16?
15
What is the remainder when 1050 is divided by 20?
10
Calculate the remainder when 292 is divided by 143.
6
Calculate the remainder when 383 is divided by 77.
75
Calculate the remainder when 257 is divided by 26.
23
Calculate the remainder when 50 is divided by 27.
23
Calculate the remainder when 302 is divided by 61.
58
What is the remainder when 221 is divided by 30?
11
Calculate the remainder when 3714 is divided by 369.
24
Calculate the remainder when 20 is divided by 12.
8
What is the remainder when 10835 is divided by 172?
171
What is the remainder when 516 is divided by 21?
12
What is the remainder when 233 is divided by 41?
28
What is the remainder when 971 is divided by 35?
26
What is the remainder when 2372 is divided by 28?
20
What is the remainder when 44839 is divided by 20?
19
Calculate the remainder when 3394 is divided by 43.
40
What is the remainder when 523 is divided by 157?
52
What is the remainder when 1017 is divided by 150?
117
What is the remainder when 117 is divided by 35?
12
Calculate the remainder when 5426 is divided by 10.
6
Calculate the remainder when 41 is divided by 39.
2
What is the remainder when 1384 is divided by 33?
31
Calculate the remainder when 90 is divided by 21.
6
What is the remainder when 2899 is divided by 133?
106
Calculate the remainder when 14255 is divided by 53.
51
What is the remainder when 891 is divided by 19?
17
Calculate the remainder when 56 is divided by 6.
2
Calculate the remainder when 129 is divided by 76.
53
Calculate the remainder when 229 is divided by 23.
22
What is the remainder when 550 is divided by 35?
25
What is the remainder when 48 is divided by 26?
22
Calculate the remainder when 397 is divided by 102.
91
What is the remainder when 137 is divided by 65?
7
Calculate the remainder when 3588 is divided by 358.
8
Calculate the remainder when 184 is divided by 40.
24
What is the remainder when 971 is divided by 12?
11
Calculate the remainder when 17 is divided by 3.
2
Calculate the remainder when 164 is divided by 7.
3
What is the remainder when 10597 is divided by 8?
5
Calculate the remainder when 309 is divided by 50.
9
What is the remainder when 55 is divided by 50?
5
Calculate the remainder when 490 is divided by 60.
10
What is the remainder when 134 is divided by 62?
10
What is the remainder when 1818 is divided by 102?
84
Calculate the remainder when 582 is divided by 201.
180
Calculate the remainder when 756 is divided by 95.
91
Calculate the remainder when 2052 is divided by 21.
15
What is the remainder when 1052 is divided by 85?
32
Calculate the remainder when 581 is divided by 22.
9
Calculate the remainder when 967 is divided by 51.
49
What is the remainder when 27 is divided by 4?
3
What is the remainder when 3842 is divided by 1919?
4
What is the remainder when 329 is divided by 108?
5
Calculate the remainder when 239 is divided by 84.
71
What is the remainder when 294 is divided by 117?
60
Calculate the remainder when 535 is divided by 68.
59
Calculate the remainder when 495 is divided by 100.
95
Calculate the remainder when 48 is divided by 46.
2
What is the remainder when 506 is divided by 9?
2
What is the remainder when 387 is divided by 15?
12
What is the remainder when 504 is divided by 106?
80
What is the remainder when 16 is divided by 6?
4
Calculate the remainder when 1122 is divided by 37.
12
What is the remainder when 474 is divided by 68?
66
What is the remainder when 1167 is divided by 7?
5
What is the remainder when 172 is divided by 5?
2
Calculate the remainder when 105 is divided by 39.
27
Calculate the remainder when 799 is divided by 78.
19
Calculate the remainder when 889 is divided by 295.
4
Calculate the remainder when 141 is divided by 57.
27
What is the remainder when 4595 is divided by 219?
215
Calculate the remainder when 1639 is divided by 1638.
1
Calculate the remainder when 112 is divided by 78.
34
Calculate the remainder when 233 is divided by 5.
3
Calculate the remainder when 2923 is divided by 19.
16
What is the remainder when 2032 is divided by 19?
18
What is the remainder when 59 is divided by 29?
1
What is the remainder when 362 is divided by 26?
24
Calculate the remainder when 1995 is divided by 10.
5
Calculate the remainder when 489 is divided by 27.
3
Calculate the remainder when 366 is divided by 85.
26
Calculate the remainder when 194 is divided by 91.
12
Calculate the remainder when 22608 is divided by 266.
264
Calculate the remainder when 1344 is divided by 444.
12
Calculate the remainder when 1203 is divided by 5.
3
Calculate the remainder when 5362 is divided by 185.
182
What is the remainder when 241 is divided by 137?
104
Calculate the remainder when 109 is divided by 62.
47
What is the remainder when 177 is divided by 91?
86
Calculate the remainder when 177 is divided by 41.
13
What is the remainder when 660 is divided by 52?
36
Calculate the remainder when 55 is divided by 23.
9
What is the remainder when 699 is divided by 19?
15
What is the remainder when 27 is divided by 17?
10
What is the remainder when 778 is divided by 84?
22
Calculate the remainder when 2939 is divided by 10.
9
Calculate the remainder when 3442 is divided by 26.
10
Calculate the remainder when 645 is divided by 169.
138
Calculate the remainder when 171 is divided by 134.
37
What is the remainder when 6304 is divided by 6?
4
What is the remainder when 72 is divided by 9?
0
Calculate the remainder when 5987 is divided by 111.
104
Calculate the remainder when 60 is divided by 22.
16
What is the remainder when 274 is divided by 42?
22
What is the remainder when 270 is divided by 88?
6
What is the remainder when 1930 is divided by 406?
306
What is the remainder when 413 is divided by 144?
125
Calculate the remainder when 108 is divided by 25.
8
What is the remainder when 568 is divided by 29?
17
What is the remainder when 544 is divided by 44?
16
Calculate the remainder when 1663 is divided by 185.
183
What is the remainder when 380 is divided by 11?
6
What is the remainder when 324 is divided by 55?
49
Calculate the remainder when 2000 is divided by 17.
11
What is the remainder when 1153 is divided by 231?
229
What is the remainder when 987 is divided by 243?
15
What is the remainder when 297 is divided by 20?
1